{"id":28,"date":"2025-09-24T17:45:10","date_gmt":"2025-09-24T17:45:10","guid":{"rendered":"https:\/\/tabasco420.com\/?page_id=28"},"modified":"2025-09-24T17:45:10","modified_gmt":"2025-09-24T17:45:10","slug":"usa-service-usps-mail-deliverys-all-over-the-us-new","status":"publish","type":"page","link":"https:\/\/tabasco420.com\/index.php\/usa-service-usps-mail-deliverys-all-over-the-us-new\/","title":{"rendered":"USA Service \u2013 USPS mail deliverys all over the US (New)"},"content":{"rendered":"<p><img loading=\"lazy\" decoding=\"async\" class=\"alignnone size-medium\" src=\"https:\/\/sandiegocream.com\/wp-content\/uploads\/2024\/08\/cropped-cropped-cropped-Screen-Shot-2022-04-20-at-14.51.29-1-1-300x300.png\" width=\"300\" height=\"300\" \/><\/p>\n<hr \/>\n<p>EN: Important read:<\/p>\n<p>Fam, we work with\u00a0<a href=\"http:\/\/www.sandiegocream.com\/\">http:\/\/www.sandiegocream.com<\/a>\u00a0(You can find the menu in the website)<\/p>\n<p>Its a crew from San Diego, California. Who send everywhere safely, from SD by USPS, everywhere in the U.S, we recieve a small fee, of every order you do with S.D.C Crew.<\/p>\n<p>For any contact with SDC:<\/p>\n<p>+527226024123 \u2013\u00a0 Text &amp; whatsapp &amp; telegram \u2013 We use mexican number, not US for safety.<\/p>\n<p>Telegram user:\u00a0 @sd49up<\/p>\n<p>email: sd49up@protonmail.com<\/p>\n<hr \/>\n<p>Espa\u00f1ol: Importante leer:<\/p>\n<p>Familia. estamos trabajando con http:\/\/www.sandiegocream.com (puedes encontrar el menu en el website)<\/p>\n<p>Es un crew de San Diego, California, envian a cualquier parte de US, desde San Diego, por USPS, nosotros recibimos una peque\u00f1a comision de cualquier pedido que hagas a traves de S.D.C Crew,<\/p>\n<p>&nbsp;<\/p>\n<p>Para cualquier contacto a SDC:<\/p>\n<p>+527226024123 \u2013\u00a0 Text &amp; whatsapp &amp; telegram \u2013 We use mexican number, not US for safety.<\/p>\n<p>Telegram user:\u00a0 @sd49up<\/p>\n<p>email: sd49up@protonmail.com<\/p>\n","protected":false},"excerpt":{"rendered":"<p>EN: Important read: Fam, we work with\u00a0http:\/\/www.sandiegocream.com\u00a0(You can find the menu in the website) Its a crew from San Diego, California. Who send everywhere safely, from SD by USPS, everywhere in the U.S, we recieve a small fee, of every order you do with S.D.C Crew. For any contact with SDC: +527226024123 \u2013\u00a0 Text &amp; [&hellip;]<\/p>\n","protected":false},"author":1,"featured_media":0,"parent":0,"menu_order":0,"comment_status":"closed","ping_status":"closed","template":"","meta":{"footnotes":""},"class_list":["post-28","page","type-page","status-publish","hentry"],"yoast_head":"<!-- This site is optimized with the Yoast SEO plugin v26.0 - https:\/\/yoast.com\/wordpress\/plugins\/seo\/ -->\n<title>USA Service \u2013 USPS mail deliverys all over the US (New) - 420 Tabasco Comprar Mota Marihuana Tabasco Villahermosa Entrega en Casa y Envios Nacionales \u2013 Whatsapp: 00528135669557 \u2013 Eva Whatsapp Secundario : 00528132769756 Mike \u2013<\/title>\n<meta name=\"robots\" content=\"index, follow, max-snippet:-1, max-image-preview:large, max-video-preview:-1\" \/>\n<link rel=\"canonical\" href=\"https:\/\/tabasco420.com\/index.php\/usa-service-usps-mail-deliverys-all-over-the-us-new\/\" \/>\n<meta property=\"og:locale\" content=\"es_MX\" \/>\n<meta property=\"og:type\" content=\"article\" \/>\n<meta property=\"og:title\" content=\"USA Service \u2013 USPS mail deliverys all over the US (New) - 420 Tabasco Comprar Mota Marihuana Tabasco Villahermosa Entrega en Casa y Envios Nacionales \u2013 Whatsapp: 00528135669557 \u2013 Eva Whatsapp Secundario : 00528132769756 Mike \u2013\" \/>\n<meta property=\"og:description\" content=\"EN: Important read: Fam, we work with\u00a0http:\/\/www.sandiegocream.com\u00a0(You can find the menu in the website) Its a crew from San Diego, California. Who send everywhere safely, from SD by USPS, everywhere in the U.S, we recieve a small fee, of every order you do with S.D.C Crew. For any contact with SDC: +527226024123 \u2013\u00a0 Text &amp; [&hellip;]\" \/>\n<meta property=\"og:url\" content=\"https:\/\/tabasco420.com\/index.php\/usa-service-usps-mail-deliverys-all-over-the-us-new\/\" \/>\n<meta property=\"og:site_name\" content=\"420 Tabasco Comprar Mota Marihuana Tabasco Villahermosa Entrega en Casa y Envios Nacionales \u2013 Whatsapp: 00528135669557 \u2013 Eva Whatsapp Secundario : 00528132769756 Mike \u2013\" \/>\n<meta property=\"og:image\" content=\"https:\/\/sandiegocream.com\/wp-content\/uploads\/2024\/08\/cropped-cropped-cropped-Screen-Shot-2022-04-20-at-14.51.29-1-1-300x300.png\" \/>\n<meta name=\"twitter:card\" content=\"summary_large_image\" \/>\n<meta name=\"twitter:label1\" content=\"Tiempo de lectura\" \/>\n\t<meta name=\"twitter:data1\" content=\"1 minuto\" \/>\n<script type=\"application\/ld+json\" class=\"yoast-schema-graph\">{\"@context\":\"https:\/\/schema.org\",\"@graph\":[{\"@type\":\"WebPage\",\"@id\":\"https:\/\/tabasco420.com\/index.php\/usa-service-usps-mail-deliverys-all-over-the-us-new\/\",\"url\":\"https:\/\/tabasco420.com\/index.php\/usa-service-usps-mail-deliverys-all-over-the-us-new\/\",\"name\":\"USA Service \u2013 USPS mail deliverys all over the US (New) - 420 Tabasco Comprar Mota Marihuana Tabasco Villahermosa Entrega en Casa y Envios Nacionales \u2013 Whatsapp: 00528135669557 \u2013 Eva Whatsapp Secundario : 00528132769756 Mike \u2013\",\"isPartOf\":{\"@id\":\"https:\/\/tabasco420.com\/#website\"},\"primaryImageOfPage\":{\"@id\":\"https:\/\/tabasco420.com\/index.php\/usa-service-usps-mail-deliverys-all-over-the-us-new\/#primaryimage\"},\"image\":{\"@id\":\"https:\/\/tabasco420.com\/index.php\/usa-service-usps-mail-deliverys-all-over-the-us-new\/#primaryimage\"},\"thumbnailUrl\":\"https:\/\/sandiegocream.com\/wp-content\/uploads\/2024\/08\/cropped-cropped-cropped-Screen-Shot-2022-04-20-at-14.51.29-1-1-300x300.png\",\"datePublished\":\"2025-09-24T17:45:10+00:00\",\"breadcrumb\":{\"@id\":\"https:\/\/tabasco420.com\/index.php\/usa-service-usps-mail-deliverys-all-over-the-us-new\/#breadcrumb\"},\"inLanguage\":\"es\",\"potentialAction\":[{\"@type\":\"ReadAction\",\"target\":[\"https:\/\/tabasco420.com\/index.php\/usa-service-usps-mail-deliverys-all-over-the-us-new\/\"]}]},{\"@type\":\"ImageObject\",\"inLanguage\":\"es\",\"@id\":\"https:\/\/tabasco420.com\/index.php\/usa-service-usps-mail-deliverys-all-over-the-us-new\/#primaryimage\",\"url\":\"https:\/\/sandiegocream.com\/wp-content\/uploads\/2024\/08\/cropped-cropped-cropped-Screen-Shot-2022-04-20-at-14.51.29-1-1-300x300.png\",\"contentUrl\":\"https:\/\/sandiegocream.com\/wp-content\/uploads\/2024\/08\/cropped-cropped-cropped-Screen-Shot-2022-04-20-at-14.51.29-1-1-300x300.png\"},{\"@type\":\"BreadcrumbList\",\"@id\":\"https:\/\/tabasco420.com\/index.php\/usa-service-usps-mail-deliverys-all-over-the-us-new\/#breadcrumb\",\"itemListElement\":[{\"@type\":\"ListItem\",\"position\":1,\"name\":\"Inicio\",\"item\":\"https:\/\/tabasco420.com\/\"},{\"@type\":\"ListItem\",\"position\":2,\"name\":\"USA Service \u2013 USPS mail deliverys all over the US (New)\"}]},{\"@type\":\"WebSite\",\"@id\":\"https:\/\/tabasco420.com\/#website\",\"url\":\"https:\/\/tabasco420.com\/\",\"name\":\"420 Tabasco Comprar Mota Marihuana Tabasco Villahermosa Entrega en Casa y Envios Nacionales \u2013 Whatsapp: 00528135669557 \u2013 Eva Whatsapp Secundario : 00528132769756 Mike \u2013\",\"description\":\"Aunque nacimos con la visi\u00f3n de llevar la cultura 420 a Tabasco y Villahermosa, hoy llegamos a cada rinc\u00f3n de M\u00e9xico con la misma pasi\u00f3n: ofrecerte acceso f\u00e1cil, r\u00e1pido y seguro a lo que buscas.  Ya seas de Villahermosa, Monterrey, CDMX, Guadalajara, Oaxaca o Canc\u00fan, en Tabasco420.com tenemos la soluci\u00f3n para ti.\",\"publisher\":{\"@id\":\"https:\/\/tabasco420.com\/#organization\"},\"potentialAction\":[{\"@type\":\"SearchAction\",\"target\":{\"@type\":\"EntryPoint\",\"urlTemplate\":\"https:\/\/tabasco420.com\/?s={search_term_string}\"},\"query-input\":{\"@type\":\"PropertyValueSpecification\",\"valueRequired\":true,\"valueName\":\"search_term_string\"}}],\"inLanguage\":\"es\"},{\"@type\":\"Organization\",\"@id\":\"https:\/\/tabasco420.com\/#organization\",\"name\":\"420 Tabasco Comprar Mota Marihuana Tabasco Villahermosa Entrega en Casa y Envios Nacionales \u2013 Whatsapp: 00528135669557 \u2013 Eva Whatsapp Secundario : 00528132769756 Mike \u2013\",\"url\":\"https:\/\/tabasco420.com\/\",\"logo\":{\"@type\":\"ImageObject\",\"inLanguage\":\"es\",\"@id\":\"https:\/\/tabasco420.com\/#\/schema\/logo\/image\/\",\"url\":\"https:\/\/tabasco420.com\/wp-content\/uploads\/2025\/09\/cropped-austintx5.jpg\",\"contentUrl\":\"https:\/\/tabasco420.com\/wp-content\/uploads\/2025\/09\/cropped-austintx5.jpg\",\"width\":512,\"height\":512,\"caption\":\"420 Tabasco Comprar Mota Marihuana Tabasco Villahermosa Entrega en Casa y Envios Nacionales \u2013 Whatsapp: 00528135669557 \u2013 Eva Whatsapp Secundario : 00528132769756 Mike \u2013\"},\"image\":{\"@id\":\"https:\/\/tabasco420.com\/#\/schema\/logo\/image\/\"}}]}<\/script>\n<!-- \/ Yoast SEO plugin. -->","yoast_head_json":{"title":"USA Service \u2013 USPS mail deliverys all over the US (New) - 420 Tabasco Comprar Mota Marihuana Tabasco Villahermosa Entrega en Casa y Envios Nacionales \u2013 Whatsapp: 00528135669557 \u2013 Eva Whatsapp Secundario : 00528132769756 Mike \u2013","robots":{"index":"index","follow":"follow","max-snippet":"max-snippet:-1","max-image-preview":"max-image-preview:large","max-video-preview":"max-video-preview:-1"},"canonical":"https:\/\/tabasco420.com\/index.php\/usa-service-usps-mail-deliverys-all-over-the-us-new\/","og_locale":"es_MX","og_type":"article","og_title":"USA Service \u2013 USPS mail deliverys all over the US (New) - 420 Tabasco Comprar Mota Marihuana Tabasco Villahermosa Entrega en Casa y Envios Nacionales \u2013 Whatsapp: 00528135669557 \u2013 Eva Whatsapp Secundario : 00528132769756 Mike \u2013","og_description":"EN: Important read: Fam, we work with\u00a0http:\/\/www.sandiegocream.com\u00a0(You can find the menu in the website) Its a crew from San Diego, California. Who send everywhere safely, from SD by USPS, everywhere in the U.S, we recieve a small fee, of every order you do with S.D.C Crew. For any contact with SDC: +527226024123 \u2013\u00a0 Text &amp; [&hellip;]","og_url":"https:\/\/tabasco420.com\/index.php\/usa-service-usps-mail-deliverys-all-over-the-us-new\/","og_site_name":"420 Tabasco Comprar Mota Marihuana Tabasco Villahermosa Entrega en Casa y Envios Nacionales \u2013 Whatsapp: 00528135669557 \u2013 Eva Whatsapp Secundario : 00528132769756 Mike \u2013","og_image":[{"url":"https:\/\/sandiegocream.com\/wp-content\/uploads\/2024\/08\/cropped-cropped-cropped-Screen-Shot-2022-04-20-at-14.51.29-1-1-300x300.png","type":"","width":"","height":""}],"twitter_card":"summary_large_image","twitter_misc":{"Tiempo de lectura":"1 minuto"},"schema":{"@context":"https:\/\/schema.org","@graph":[{"@type":"WebPage","@id":"https:\/\/tabasco420.com\/index.php\/usa-service-usps-mail-deliverys-all-over-the-us-new\/","url":"https:\/\/tabasco420.com\/index.php\/usa-service-usps-mail-deliverys-all-over-the-us-new\/","name":"USA Service \u2013 USPS mail deliverys all over the US (New) - 420 Tabasco Comprar Mota Marihuana Tabasco Villahermosa Entrega en Casa y Envios Nacionales \u2013 Whatsapp: 00528135669557 \u2013 Eva Whatsapp Secundario : 00528132769756 Mike \u2013","isPartOf":{"@id":"https:\/\/tabasco420.com\/#website"},"primaryImageOfPage":{"@id":"https:\/\/tabasco420.com\/index.php\/usa-service-usps-mail-deliverys-all-over-the-us-new\/#primaryimage"},"image":{"@id":"https:\/\/tabasco420.com\/index.php\/usa-service-usps-mail-deliverys-all-over-the-us-new\/#primaryimage"},"thumbnailUrl":"https:\/\/sandiegocream.com\/wp-content\/uploads\/2024\/08\/cropped-cropped-cropped-Screen-Shot-2022-04-20-at-14.51.29-1-1-300x300.png","datePublished":"2025-09-24T17:45:10+00:00","breadcrumb":{"@id":"https:\/\/tabasco420.com\/index.php\/usa-service-usps-mail-deliverys-all-over-the-us-new\/#breadcrumb"},"inLanguage":"es","potentialAction":[{"@type":"ReadAction","target":["https:\/\/tabasco420.com\/index.php\/usa-service-usps-mail-deliverys-all-over-the-us-new\/"]}]},{"@type":"ImageObject","inLanguage":"es","@id":"https:\/\/tabasco420.com\/index.php\/usa-service-usps-mail-deliverys-all-over-the-us-new\/#primaryimage","url":"https:\/\/sandiegocream.com\/wp-content\/uploads\/2024\/08\/cropped-cropped-cropped-Screen-Shot-2022-04-20-at-14.51.29-1-1-300x300.png","contentUrl":"https:\/\/sandiegocream.com\/wp-content\/uploads\/2024\/08\/cropped-cropped-cropped-Screen-Shot-2022-04-20-at-14.51.29-1-1-300x300.png"},{"@type":"BreadcrumbList","@id":"https:\/\/tabasco420.com\/index.php\/usa-service-usps-mail-deliverys-all-over-the-us-new\/#breadcrumb","itemListElement":[{"@type":"ListItem","position":1,"name":"Inicio","item":"https:\/\/tabasco420.com\/"},{"@type":"ListItem","position":2,"name":"USA Service \u2013 USPS mail deliverys all over the US (New)"}]},{"@type":"WebSite","@id":"https:\/\/tabasco420.com\/#website","url":"https:\/\/tabasco420.com\/","name":"420 Tabasco Comprar Mota Marihuana Tabasco Villahermosa Entrega en Casa y Envios Nacionales \u2013 Whatsapp: 00528135669557 \u2013 Eva Whatsapp Secundario : 00528132769756 Mike \u2013","description":"Aunque nacimos con la visi\u00f3n de llevar la cultura 420 a Tabasco y Villahermosa, hoy llegamos a cada rinc\u00f3n de M\u00e9xico con la misma pasi\u00f3n: ofrecerte acceso f\u00e1cil, r\u00e1pido y seguro a lo que buscas.  Ya seas de Villahermosa, Monterrey, CDMX, Guadalajara, Oaxaca o Canc\u00fan, en Tabasco420.com tenemos la soluci\u00f3n para ti.","publisher":{"@id":"https:\/\/tabasco420.com\/#organization"},"potentialAction":[{"@type":"SearchAction","target":{"@type":"EntryPoint","urlTemplate":"https:\/\/tabasco420.com\/?s={search_term_string}"},"query-input":{"@type":"PropertyValueSpecification","valueRequired":true,"valueName":"search_term_string"}}],"inLanguage":"es"},{"@type":"Organization","@id":"https:\/\/tabasco420.com\/#organization","name":"420 Tabasco Comprar Mota Marihuana Tabasco Villahermosa Entrega en Casa y Envios Nacionales \u2013 Whatsapp: 00528135669557 \u2013 Eva Whatsapp Secundario : 00528132769756 Mike \u2013","url":"https:\/\/tabasco420.com\/","logo":{"@type":"ImageObject","inLanguage":"es","@id":"https:\/\/tabasco420.com\/#\/schema\/logo\/image\/","url":"https:\/\/tabasco420.com\/wp-content\/uploads\/2025\/09\/cropped-austintx5.jpg","contentUrl":"https:\/\/tabasco420.com\/wp-content\/uploads\/2025\/09\/cropped-austintx5.jpg","width":512,"height":512,"caption":"420 Tabasco Comprar Mota Marihuana Tabasco Villahermosa Entrega en Casa y Envios Nacionales \u2013 Whatsapp: 00528135669557 \u2013 Eva Whatsapp Secundario : 00528132769756 Mike \u2013"},"image":{"@id":"https:\/\/tabasco420.com\/#\/schema\/logo\/image\/"}}]}},"_links":{"self":[{"href":"https:\/\/tabasco420.com\/index.php\/wp-json\/wp\/v2\/pages\/28","targetHints":{"allow":["GET"]}}],"collection":[{"href":"https:\/\/tabasco420.com\/index.php\/wp-json\/wp\/v2\/pages"}],"about":[{"href":"https:\/\/tabasco420.com\/index.php\/wp-json\/wp\/v2\/types\/page"}],"author":[{"embeddable":true,"href":"https:\/\/tabasco420.com\/index.php\/wp-json\/wp\/v2\/users\/1"}],"replies":[{"embeddable":true,"href":"https:\/\/tabasco420.com\/index.php\/wp-json\/wp\/v2\/comments?post=28"}],"version-history":[{"count":1,"href":"https:\/\/tabasco420.com\/index.php\/wp-json\/wp\/v2\/pages\/28\/revisions"}],"predecessor-version":[{"id":29,"href":"https:\/\/tabasco420.com\/index.php\/wp-json\/wp\/v2\/pages\/28\/revisions\/29"}],"wp:attachment":[{"href":"https:\/\/tabasco420.com\/index.php\/wp-json\/wp\/v2\/media?parent=28"}],"curies":[{"name":"wp","href":"https:\/\/api.w.org\/{rel}","templated":true}]}}