{"id":36,"date":"2025-09-24T17:48:34","date_gmt":"2025-09-24T17:48:34","guid":{"rendered":"https:\/\/tabasco420.com\/?page_id=36"},"modified":"2025-09-24T17:48:34","modified_gmt":"2025-09-24T17:48:34","slug":"metatags4-tb","status":"publish","type":"page","link":"https:\/\/tabasco420.com\/index.php\/metatags4-tb\/","title":{"rendered":"metatags4-TB"},"content":{"rendered":"<p>cannabis villahermosa, marihuana villahermosa, weed villahermosa, mota villahermosa, dispensarios cannabis villahermosa, venta cannabis villahermosa, cannabis medicinal villahermosa, marihuana medicinal villahermosa, marihuana recreativa villahermosa, cultivo cannabis villahermosa, cultivo marihuana villahermosa, growshops villahermosa, grow shop villahermosa, semillas cannabis villahermosa, semillas marihuana villahermosa, legalidad cannabis villahermosa, leyes cannabis villahermosa, consumo cannabis villahermosa, fumar marihuana villahermosa, fumar weed villahermosa, asociaciones cannabis villahermosa, colectivos cannabis villahermosa, marchas cannabis villahermosa, cultura cannabis villahermosa, eventos cannabis villahermosa, cannabis medicinal pacientes villahermosa, aceite cannabis villahermosa, cbd villahermosa, venta cbd villahermosa, tiendas cbd villahermosa, cannabis terap\u00e9utico villahermosa, cannabis para ansiedad villahermosa, cannabis para dolor villahermosa, cannabis para c\u00e1ncer villahermosa, cannabis epilepsia villahermosa, productos cannabis villahermosa, brownies cannabis villahermosa, reposter\u00eda cannabis villahermosa, gastronom\u00eda cannabis villahermosa, cannabis recreativo villahermosa, precios marihuana villahermosa, precios cannabis villahermosa, consumo responsable cannabis villahermosa, cannabis y turismo villahermosa, turismo 420 villahermosa, cannabis bares villahermosa, cannabis restaurantes villahermosa, cannabis vida nocturna villahermosa, cannabis universidades villahermosa, cannabis j\u00f3venes villahermosa, cannabis estudiantes villahermosa, cannabis empleo villahermosa, cannabis negocios villahermosa, cannabis econom\u00eda villahermosa, cannabis futuro villahermosa, cannabis regulaci\u00f3n villahermosa, cannabis reforma villahermosa, cannabis justicia villahermosa, cannabis pol\u00edtica villahermosa, cannabis seguridad villahermosa, cannabis y violencia villahermosa, cannabis decomisos villahermosa, cannabis polic\u00eda villahermosa, cannabis criminalizaci\u00f3n villahermosa, cannabis libertad villahermosa, cannabis derechos humanos villahermosa, cannabis marchas villahermosa, cannabis 4:20 villahermosa, weed cultura villahermosa, cannabis conciertos villahermosa, cannabis reggae villahermosa, cannabis rap villahermosa, cannabis rock villahermosa, cannabis festivales villahermosa, weed party villahermosa, cannabis eventos 2025 villahermosa, cannabis clubs villahermosa, weed bar villahermosa, grow club villahermosa, cannabis lounge villahermosa, weed lounge villahermosa, cannabis experiencias villahermosa, weed turismo villahermosa, cannabis viajes villahermosa, cannabis mochileros villahermosa, cannabis extranjeros villahermosa, cannabis turismo internacional villahermosa, weed friendly villahermosa, hoteles cannabis villahermosa, airbnb cannabis villahermosa, weed hostales villahermosa, cannabis gu\u00edas villahermosa, tours cannabis villahermosa, cannabis transporte villahermosa, weed taxis villahermosa, cannabis uber villahermosa, cannabis clima villahermosa, cannabis fiestas villahermosa, cannabis ferias villahermosa, cannabis carnaval villahermosa, cannabis feria tabasco villahermosa, cannabis ferias locales villahermosa, cannabis comunidades villahermosa, cannabis barrios villahermosa, cannabis colonias villahermosa, cannabis centro hist\u00f3rico villahermosa, cannabis malec\u00f3n villahermosa, cannabis laguna de las ilusiones, cannabis parque la venta, cannabis parque tom\u00e1s garrido, cannabis zona tabasco 2000, cannabis museos villahermosa, cannabis historia villahermosa, cannabis cultura urbana villahermosa, cannabis arte villahermosa, cannabis grafiti villahermosa, cannabis galer\u00edas villahermosa, cannabis teatro villahermosa, cannabis danza villahermosa, cannabis m\u00fasica villahermosa, cannabis conciertos villahermosa, cannabis cine villahermosa, cannabis literatura villahermosa, cannabis poes\u00eda villahermosa, cannabis fotograf\u00eda villahermosa, cannabis artistas villahermosa, cannabis comunidad art\u00edstica villahermosa, cannabis universidades villahermosa, cannabis estudiantes villahermosa, cannabis foros villahermosa, cannabis debates villahermosa, cannabis conferencias villahermosa, cannabis charlas villahermosa, cannabis ciencia villahermosa, cannabis medicina villahermosa, cannabis investigaciones villahermosa, cannabis terapias villahermosa, cannabis doctores villahermosa, cannabis cl\u00ednicas villahermosa, cannabis hospitales villahermosa, cannabis farmacias villahermosa, cannabis suplementos villahermosa, cannabis mercado villahermosa, cannabis comercio villahermosa, cannabis tiendas villahermosa, cannabis emprendedores villahermosa, cannabis negocios locales villahermosa, cannabis econom\u00eda local villahermosa, cannabis exportaci\u00f3n villahermosa, cannabis importaci\u00f3n villahermosa, cannabis log\u00edstica villahermosa, cannabis transporte mercanc\u00edas villahermosa, cannabis mercado negro villahermosa, cannabis seguridad ciudadana villahermosa, cannabis ej\u00e9rcito villahermosa, cannabis marina villahermosa, cannabis narco villahermosa, cannabis sociedad villahermosa, cannabis cultura popular villahermosa, cannabis influencers villahermosa, cannabis bloggers villahermosa, cannabis redes sociales villahermosa, cannabis instagram villahermosa, cannabis tiktok villahermosa, cannabis facebook villahermosa, cannabis youtube villahermosa, cannabis streamers villahermosa, cannabis gamers villahermosa, cannabis lifestyle villahermosa, cannabis tendencias villahermosa, cannabis moda villahermosa, cannabis ropa villahermosa, cannabis accesorios villahermosa, cannabis souvenirs villahermosa, cannabis recuerdos villahermosa, cannabis turismo cultural villahermosa, cannabis turismo gastron\u00f3mico villahermosa, cannabis gastronom\u00eda villahermosa, cannabis bebidas villahermosa, cannabis mixolog\u00eda villahermosa, cannabis cocteles villahermosa, cannabis cerveza villahermosa, cannabis artesanales villahermosa, cannabis postres villahermosa, cannabis dulces villahermosa, cannabis tamales villahermosa, cannabis pozol villahermosa, cannabis choco tabasco villahermosa, cannabis cacao villahermosa, cannabis chocolate villahermosa, cannabis artesan\u00edas villahermosa, cannabis mercados villahermosa, cannabis shopping villahermosa, cannabis plazas villahermosa, cannabis altabrisa villahermosa, cannabis galer\u00edas tabasco, cannabis plazas comerciales villahermosa, cannabis vida nocturna villahermosa, cannabis bares villahermosa, cannabis antros villahermosa, cannabis caf\u00e9s villahermosa, cannabis coworking villahermosa, cannabis oficinas villahermosa, cannabis trabajo remoto villahermosa, cannabis digital nomads villahermosa, cannabis expats villahermosa, cannabis extranjeros villahermosa, cannabis comunidad internacional villahermosa, cannabis turismo europeo villahermosa, cannabis turismo americano villahermosa, cannabis turismo canadiense villahermosa, cannabis viajes latinos villahermosa, cannabis vuelos villahermosa, cannabis aeropuerto villahermosa, cannabis transporte villahermosa, cannabis terminal villahermosa, cannabis central de autobuses villahermosa, cannabis taxis villahermosa, cannabis uber villahermosa, cannabis renta autos villahermosa, cannabis movilidad villahermosa, cannabis carreteras villahermosa, cannabis rutas villahermosa, cannabis pueblos cerca villahermosa, cannabis nacajuca villahermosa, cannabis para\u00edso villahermosa, cannabis comalcalco villahermosa, cannabis tenosique villahermosa, cannabis tacotalpa villahermosa, cannabis teapa villahermosa, cannabis macuspana villahermosa, cannabis tabasco sur villahermosa.<\/p>\n","protected":false},"excerpt":{"rendered":"<p>cannabis villahermosa, marihuana villahermosa, weed villahermosa, mota villahermosa, dispensarios cannabis villahermosa, venta cannabis villahermosa, cannabis medicinal villahermosa, marihuana medicinal villahermosa, marihuana recreativa villahermosa, cultivo cannabis villahermosa, cultivo marihuana villahermosa, growshops villahermosa, grow shop villahermosa, semillas cannabis villahermosa, semillas marihuana villahermosa, legalidad cannabis villahermosa, leyes cannabis villahermosa, consumo cannabis villahermosa, fumar marihuana villahermosa, fumar weed villahermosa, [&hellip;]<\/p>\n","protected":false},"author":1,"featured_media":0,"parent":0,"menu_order":0,"comment_status":"closed","ping_status":"closed","template":"","meta":{"footnotes":""},"class_list":["post-36","page","type-page","status-publish","hentry"],"yoast_head":"<!-- This site is optimized with the Yoast SEO plugin v26.0 - https:\/\/yoast.com\/wordpress\/plugins\/seo\/ -->\n<title>metatags4-TB - 420 Tabasco Comprar Mota Marihuana Tabasco Villahermosa Entrega en Casa y Envios Nacionales \u2013 Whatsapp: 00528135669557 \u2013 Eva Whatsapp Secundario : 00528132769756 Mike \u2013<\/title>\n<meta name=\"robots\" content=\"index, follow, max-snippet:-1, max-image-preview:large, max-video-preview:-1\" \/>\n<link rel=\"canonical\" href=\"https:\/\/tabasco420.com\/index.php\/metatags4-tb\/\" \/>\n<meta property=\"og:locale\" content=\"es_MX\" \/>\n<meta property=\"og:type\" content=\"article\" \/>\n<meta property=\"og:title\" content=\"metatags4-TB - 420 Tabasco Comprar Mota Marihuana Tabasco Villahermosa Entrega en Casa y Envios Nacionales \u2013 Whatsapp: 00528135669557 \u2013 Eva Whatsapp Secundario : 00528132769756 Mike \u2013\" \/>\n<meta property=\"og:description\" content=\"cannabis villahermosa, marihuana villahermosa, weed villahermosa, mota villahermosa, dispensarios cannabis villahermosa, venta cannabis villahermosa, cannabis medicinal villahermosa, marihuana medicinal villahermosa, marihuana recreativa villahermosa, cultivo cannabis villahermosa, cultivo marihuana villahermosa, growshops villahermosa, grow shop villahermosa, semillas cannabis villahermosa, semillas marihuana villahermosa, legalidad cannabis villahermosa, leyes cannabis villahermosa, consumo cannabis villahermosa, fumar marihuana villahermosa, fumar weed villahermosa, [&hellip;]\" \/>\n<meta property=\"og:url\" content=\"https:\/\/tabasco420.com\/index.php\/metatags4-tb\/\" \/>\n<meta property=\"og:site_name\" content=\"420 Tabasco Comprar Mota Marihuana Tabasco Villahermosa Entrega en Casa y Envios Nacionales \u2013 Whatsapp: 00528135669557 \u2013 Eva Whatsapp Secundario : 00528132769756 Mike \u2013\" \/>\n<meta name=\"twitter:card\" content=\"summary_large_image\" \/>\n<meta name=\"twitter:label1\" content=\"Tiempo de lectura\" \/>\n\t<meta name=\"twitter:data1\" content=\"4 minutos\" \/>\n<script type=\"application\/ld+json\" class=\"yoast-schema-graph\">{\"@context\":\"https:\/\/schema.org\",\"@graph\":[{\"@type\":\"WebPage\",\"@id\":\"https:\/\/tabasco420.com\/index.php\/metatags4-tb\/\",\"url\":\"https:\/\/tabasco420.com\/index.php\/metatags4-tb\/\",\"name\":\"metatags4-TB - 420 Tabasco Comprar Mota Marihuana Tabasco Villahermosa Entrega en Casa y Envios Nacionales \u2013 Whatsapp: 00528135669557 \u2013 Eva Whatsapp Secundario : 00528132769756 Mike \u2013\",\"isPartOf\":{\"@id\":\"https:\/\/tabasco420.com\/#website\"},\"datePublished\":\"2025-09-24T17:48:34+00:00\",\"breadcrumb\":{\"@id\":\"https:\/\/tabasco420.com\/index.php\/metatags4-tb\/#breadcrumb\"},\"inLanguage\":\"es\",\"potentialAction\":[{\"@type\":\"ReadAction\",\"target\":[\"https:\/\/tabasco420.com\/index.php\/metatags4-tb\/\"]}]},{\"@type\":\"BreadcrumbList\",\"@id\":\"https:\/\/tabasco420.com\/index.php\/metatags4-tb\/#breadcrumb\",\"itemListElement\":[{\"@type\":\"ListItem\",\"position\":1,\"name\":\"Inicio\",\"item\":\"https:\/\/tabasco420.com\/\"},{\"@type\":\"ListItem\",\"position\":2,\"name\":\"metatags4-TB\"}]},{\"@type\":\"WebSite\",\"@id\":\"https:\/\/tabasco420.com\/#website\",\"url\":\"https:\/\/tabasco420.com\/\",\"name\":\"420 Tabasco Comprar Mota Marihuana Tabasco Villahermosa Entrega en Casa y Envios Nacionales \u2013 Whatsapp: 00528135669557 \u2013 Eva Whatsapp Secundario : 00528132769756 Mike \u2013\",\"description\":\"Aunque nacimos con la visi\u00f3n de llevar la cultura 420 a Tabasco y Villahermosa, hoy llegamos a cada rinc\u00f3n de M\u00e9xico con la misma pasi\u00f3n: ofrecerte acceso f\u00e1cil, r\u00e1pido y seguro a lo que buscas.  Ya seas de Villahermosa, Monterrey, CDMX, Guadalajara, Oaxaca o Canc\u00fan, en Tabasco420.com tenemos la soluci\u00f3n para ti.\",\"publisher\":{\"@id\":\"https:\/\/tabasco420.com\/#organization\"},\"potentialAction\":[{\"@type\":\"SearchAction\",\"target\":{\"@type\":\"EntryPoint\",\"urlTemplate\":\"https:\/\/tabasco420.com\/?s={search_term_string}\"},\"query-input\":{\"@type\":\"PropertyValueSpecification\",\"valueRequired\":true,\"valueName\":\"search_term_string\"}}],\"inLanguage\":\"es\"},{\"@type\":\"Organization\",\"@id\":\"https:\/\/tabasco420.com\/#organization\",\"name\":\"420 Tabasco Comprar Mota Marihuana Tabasco Villahermosa Entrega en Casa y Envios Nacionales \u2013 Whatsapp: 00528135669557 \u2013 Eva Whatsapp Secundario : 00528132769756 Mike \u2013\",\"url\":\"https:\/\/tabasco420.com\/\",\"logo\":{\"@type\":\"ImageObject\",\"inLanguage\":\"es\",\"@id\":\"https:\/\/tabasco420.com\/#\/schema\/logo\/image\/\",\"url\":\"https:\/\/tabasco420.com\/wp-content\/uploads\/2025\/09\/cropped-austintx5.jpg\",\"contentUrl\":\"https:\/\/tabasco420.com\/wp-content\/uploads\/2025\/09\/cropped-austintx5.jpg\",\"width\":512,\"height\":512,\"caption\":\"420 Tabasco Comprar Mota Marihuana Tabasco Villahermosa Entrega en Casa y Envios Nacionales \u2013 Whatsapp: 00528135669557 \u2013 Eva Whatsapp Secundario : 00528132769756 Mike \u2013\"},\"image\":{\"@id\":\"https:\/\/tabasco420.com\/#\/schema\/logo\/image\/\"}}]}<\/script>\n<!-- \/ Yoast SEO plugin. -->","yoast_head_json":{"title":"metatags4-TB - 420 Tabasco Comprar Mota Marihuana Tabasco Villahermosa Entrega en Casa y Envios Nacionales \u2013 Whatsapp: 00528135669557 \u2013 Eva Whatsapp Secundario : 00528132769756 Mike \u2013","robots":{"index":"index","follow":"follow","max-snippet":"max-snippet:-1","max-image-preview":"max-image-preview:large","max-video-preview":"max-video-preview:-1"},"canonical":"https:\/\/tabasco420.com\/index.php\/metatags4-tb\/","og_locale":"es_MX","og_type":"article","og_title":"metatags4-TB - 420 Tabasco Comprar Mota Marihuana Tabasco Villahermosa Entrega en Casa y Envios Nacionales \u2013 Whatsapp: 00528135669557 \u2013 Eva Whatsapp Secundario : 00528132769756 Mike \u2013","og_description":"cannabis villahermosa, marihuana villahermosa, weed villahermosa, mota villahermosa, dispensarios cannabis villahermosa, venta cannabis villahermosa, cannabis medicinal villahermosa, marihuana medicinal villahermosa, marihuana recreativa villahermosa, cultivo cannabis villahermosa, cultivo marihuana villahermosa, growshops villahermosa, grow shop villahermosa, semillas cannabis villahermosa, semillas marihuana villahermosa, legalidad cannabis villahermosa, leyes cannabis villahermosa, consumo cannabis villahermosa, fumar marihuana villahermosa, fumar weed villahermosa, [&hellip;]","og_url":"https:\/\/tabasco420.com\/index.php\/metatags4-tb\/","og_site_name":"420 Tabasco Comprar Mota Marihuana Tabasco Villahermosa Entrega en Casa y Envios Nacionales \u2013 Whatsapp: 00528135669557 \u2013 Eva Whatsapp Secundario : 00528132769756 Mike \u2013","twitter_card":"summary_large_image","twitter_misc":{"Tiempo de lectura":"4 minutos"},"schema":{"@context":"https:\/\/schema.org","@graph":[{"@type":"WebPage","@id":"https:\/\/tabasco420.com\/index.php\/metatags4-tb\/","url":"https:\/\/tabasco420.com\/index.php\/metatags4-tb\/","name":"metatags4-TB - 420 Tabasco Comprar Mota Marihuana Tabasco Villahermosa Entrega en Casa y Envios Nacionales \u2013 Whatsapp: 00528135669557 \u2013 Eva Whatsapp Secundario : 00528132769756 Mike \u2013","isPartOf":{"@id":"https:\/\/tabasco420.com\/#website"},"datePublished":"2025-09-24T17:48:34+00:00","breadcrumb":{"@id":"https:\/\/tabasco420.com\/index.php\/metatags4-tb\/#breadcrumb"},"inLanguage":"es","potentialAction":[{"@type":"ReadAction","target":["https:\/\/tabasco420.com\/index.php\/metatags4-tb\/"]}]},{"@type":"BreadcrumbList","@id":"https:\/\/tabasco420.com\/index.php\/metatags4-tb\/#breadcrumb","itemListElement":[{"@type":"ListItem","position":1,"name":"Inicio","item":"https:\/\/tabasco420.com\/"},{"@type":"ListItem","position":2,"name":"metatags4-TB"}]},{"@type":"WebSite","@id":"https:\/\/tabasco420.com\/#website","url":"https:\/\/tabasco420.com\/","name":"420 Tabasco Comprar Mota Marihuana Tabasco Villahermosa Entrega en Casa y Envios Nacionales \u2013 Whatsapp: 00528135669557 \u2013 Eva Whatsapp Secundario : 00528132769756 Mike \u2013","description":"Aunque nacimos con la visi\u00f3n de llevar la cultura 420 a Tabasco y Villahermosa, hoy llegamos a cada rinc\u00f3n de M\u00e9xico con la misma pasi\u00f3n: ofrecerte acceso f\u00e1cil, r\u00e1pido y seguro a lo que buscas.  Ya seas de Villahermosa, Monterrey, CDMX, Guadalajara, Oaxaca o Canc\u00fan, en Tabasco420.com tenemos la soluci\u00f3n para ti.","publisher":{"@id":"https:\/\/tabasco420.com\/#organization"},"potentialAction":[{"@type":"SearchAction","target":{"@type":"EntryPoint","urlTemplate":"https:\/\/tabasco420.com\/?s={search_term_string}"},"query-input":{"@type":"PropertyValueSpecification","valueRequired":true,"valueName":"search_term_string"}}],"inLanguage":"es"},{"@type":"Organization","@id":"https:\/\/tabasco420.com\/#organization","name":"420 Tabasco Comprar Mota Marihuana Tabasco Villahermosa Entrega en Casa y Envios Nacionales \u2013 Whatsapp: 00528135669557 \u2013 Eva Whatsapp Secundario : 00528132769756 Mike \u2013","url":"https:\/\/tabasco420.com\/","logo":{"@type":"ImageObject","inLanguage":"es","@id":"https:\/\/tabasco420.com\/#\/schema\/logo\/image\/","url":"https:\/\/tabasco420.com\/wp-content\/uploads\/2025\/09\/cropped-austintx5.jpg","contentUrl":"https:\/\/tabasco420.com\/wp-content\/uploads\/2025\/09\/cropped-austintx5.jpg","width":512,"height":512,"caption":"420 Tabasco Comprar Mota Marihuana Tabasco Villahermosa Entrega en Casa y Envios Nacionales \u2013 Whatsapp: 00528135669557 \u2013 Eva Whatsapp Secundario : 00528132769756 Mike \u2013"},"image":{"@id":"https:\/\/tabasco420.com\/#\/schema\/logo\/image\/"}}]}},"_links":{"self":[{"href":"https:\/\/tabasco420.com\/index.php\/wp-json\/wp\/v2\/pages\/36","targetHints":{"allow":["GET"]}}],"collection":[{"href":"https:\/\/tabasco420.com\/index.php\/wp-json\/wp\/v2\/pages"}],"about":[{"href":"https:\/\/tabasco420.com\/index.php\/wp-json\/wp\/v2\/types\/page"}],"author":[{"embeddable":true,"href":"https:\/\/tabasco420.com\/index.php\/wp-json\/wp\/v2\/users\/1"}],"replies":[{"embeddable":true,"href":"https:\/\/tabasco420.com\/index.php\/wp-json\/wp\/v2\/comments?post=36"}],"version-history":[{"count":1,"href":"https:\/\/tabasco420.com\/index.php\/wp-json\/wp\/v2\/pages\/36\/revisions"}],"predecessor-version":[{"id":37,"href":"https:\/\/tabasco420.com\/index.php\/wp-json\/wp\/v2\/pages\/36\/revisions\/37"}],"wp:attachment":[{"href":"https:\/\/tabasco420.com\/index.php\/wp-json\/wp\/v2\/media?parent=36"}],"curies":[{"name":"wp","href":"https:\/\/api.w.org\/{rel}","templated":true}]}}